What is the units digit of m?
9
Let o(k) = -13*k. What is the tens digit of o(-4)?
5
Let x = 133 - 52. What is the tens digit of x?
8
Let h(y) = 2*y**2 - 7*y + 3. Let t(p) = -p + 1. Let x be t(-4). What is the tens digit of h(x)?
1
Let t(c) = -c**3 + c**2 - 2*c + 4. Let v be t(3). Let j be (-72)/v + (-4)/(-10). Let p = j + 2. What is the units digit of p?
6
Suppose 0 = -2*u + 3 + 65. Suppose -u - 2 = -4*c. Suppose 4*b + o = 13 - 1, -o = 3*b - c. What is the units digit of b?
3
Let l = 38 - -18. What is the units digit of l?
6
Let q = -115 + 170. What is the tens digit of q?
5
Let g(x) = x**2 + 4*x - 6. Let l be g(-6). Let k = 23 - 15. Let y = l + k. What is the tens digit of y?
1
Let a(l) = -13*l**3 - 6*l**2 + 5*l - 1. Let k be a(4). Let c be (-4)/14 - k/21. Suppose -5*r - 10 = 5*z - 50, c = 5*z + 4*r. What is the tens digit of z?
1
Suppose 0 = m + 4*m - 10. What is the units digit of (1/(-3))/(m/(-114))?
9
Let f be (27/6)/(2/4). Suppose -2*u - 4*i + f*i + 25 = 0, 5*i + 35 = 4*u. Suppose -24 = -2*d + 4*j, 2*j = u*d - 2*j - 54. What is the tens digit of d?
1
Suppose -1 = -j - 2. Let h be (-3 - -2 - j) + 0. What is the units digit of -1 + 6 - (2 + h)?
3
Suppose 21 = x + 5. Let o = x - 11. What is the units digit of o?
5
Let m = 8 - 2. Let j(f) = m*f + 8*f**2 + 2*f - 8*f + 1. What is the units digit of j(-1)?
9
Let n be (6/12)/(2/(-120)). What is the units digit of ((-2)/(-2))/((-3)/n)?
0
Let n(w) = w**2 + 2*w - 5. Let g be n(-5). Let h = 16 - g. What is the units digit of h?
6
Suppose -y + 9 = v - 2, -34 = -4*v - 2*y. Suppose -5*f + v = -24. What is the units digit of f?
6
Let o(x) = -x - 7. Let b be o(-5). What is the units digit of 14/4 - b/4?
4
Suppose f = 3*p + 4, 8 = -5*p - 3*f + 5*f. Suppose p = 2*z - z - 18. Let t = z - 10. What is the units digit of t?
8
Let g(i) = i - 2. Let d be g(0). What is the tens digit of -3 + 18 - (1 + d)?
1
Let s = 157 + 22. What is the tens digit of s?
7
Let a = -57 - -90. What is the tens digit of a?
3
Let u = 15 + -1. What is the units digit of u/1 + -1 + -2?
1
Let p(d) = -2*d - 1. Let v be p(7). Let q = 34 + v. What is the tens digit of q?
1
Suppose 6*w + 69 = 7*w. What is the tens digit of w?
6
Let d(h) = -2*h**3 - 2*h. Let b be d(-3). Suppose -19 - 1 = -l. Suppose -5*r + b = l. What is the units digit of r?
8
Suppose -3*x + 5 + 1 = 0. What is the units digit of x/9 + (-16)/(-9)?
2
Let u(f) = f**3 - 6*f**2 + 7*f - 6. Let v be u(5). Suppose 0 = -v*w + 2*w + 4. What is the units digit of (w - -2)/(2/8)?
6
Let l = -6 + 11. Suppose -2*s = -l*s. Suppose s*v + 3 = v. What is the units digit of v?
3
Suppose 8 + 12 = 5*r. Suppose 21 + 131 = r*z. Suppose 4*h = -3*b + 63, -5*h = -h - 2*b - z. What is the units digit of h?
2
Suppose -3*p + 0*p = 0. Suppose p = 2*j - h, 8 = 4*j - 3*h + 5*h. What is the units digit of j?
1
Let u = 13 - -25. Let q = u - 17. What is the tens digit of q?
2
Let u(x) = 5*x**3 + 2*x**2 - 5*x. What is the tens digit of u(3)?
3
Let c be 27/(-9)*(5 - -2). What is the units digit of ((-2)/3)/(7/c)?
2
Suppose -8 - 2 = -5*i. Suppose -32 = -2*x - i*x. What is the units digit of x?
8
Suppose t = 3*b - 188, -5*b + t + 60 = -250. What is the tens digit of b?
6
Suppose 0 = 2*q - 33 + 139. Let b = q + 77. Let o = b - 17. What is the units digit of o?
7
Suppose -5*a = 0, -2*a = 3*q - 4*a. Let i(o) = -o. Let y be i(q). Suppose -4*r - 4*x + 12 = y, -5*r + 2*x - x + 45 = 0. What is the units digit of r?
8
Let x = 43 + 24. What is the tens digit of x?
6
Let x = 3 + -2. What is the units digit of ((-4)/8)/(x/(-26))?
3
Let g = 176 - -170. What is the tens digit of g?
4
Suppose -2*a = 2*a. Let t be 2/(a - (-6)/15). Suppose -t*i + 0*i - 5*g = 5, -5*i = -4*g - 40. What is the units digit of i?
4
Suppose o + 28 = u, -o = -3*u - 4*o + 54. What is the tens digit of u?
2
Let a be 0 + 2 - 0/1. Suppose 3*v - 12 = 2*h, a = 3*v + 5*h + 11. What is the units digit of v - (2/(-2) - 1)?
4
Suppose 50 = -n - c, -2*n - 4*c - 101 = -9. Let p = n + 77. Let h = p - 16. What is the units digit of h?
7
Suppose 2*n = 5*f - 869, -n = -2 - 1. Suppose -q + f = 4*q. What is the tens digit of q?
3
Let a(t) = 12*t**2 + 6*t + 4. What is the units digit of a(-3)?
4
Suppose 0 = 3*v - 0*v. Let m be v + 3/(0 + 1). Suppose -m*d + 0*d = -27. What is the units digit of d?
9
Suppose u - 5*u + 276 = 0. What is the tens digit of u?
6
Let y = 23 - 5. What is the tens digit of y?
1
Suppose -10 = -3*r - 1. Suppose -42 = -3*l + 4*y - r, -2*l + 2*y + 24 = 0. What is the units digit of l?
9
Suppose -5*g + 278 = 2*m, -43 = -g + 2*m + 15. What is the tens digit of g?
5
Let p = -7 - -11. Let u be (6/p)/((-1)/2). Let o = 7 + u. What is the units digit of o?
4
Let q(t) = -3*t - 17. Let g be q(-8). Let f be (-5)/1 - 0/2. Let u = f + g. What is the units digit of u?
2
Suppose -5*x + l - 4*l + 192 = 0, -3*l = 2*x - 84. What is the units digit of x?
6
Let y(m) = m**2 - 9*m + 7. Let g be y(8). What is the units digit of -7 + 4 - 8*g?
5
Let x be 3*(3 + (1 - -1)). Suppose 3*g - 20 = -5*m, -4*g - x = -3*m - 3. Let q = m + -1. What is the units digit of q?
3
Let m be (21/6)/((-2)/(-4)). Let v = m + -5. What is the units digit of v?
2
Suppose 0 = 4*w - 2*w - 44. Let a = -12 + w. What is the units digit of a?
0
Suppose -2*c = 342 - 126. What is the tens digit of c/4*2/(-3)?
1
Let x(m) = m**3 - 1 + 6 - 4*m**2 + 3*m**2 - 6*m**2 - 7*m. What is the units digit of x(8)?
3
Suppose q = -3*a - 18, 5*q = 4*a + a + 10. Let j(v) = -v - 3 + 3*v + v**2 - v. What is the units digit of j(q)?
3
Let n(a) be the second derivative of -a**4/3 - a**3/2 - 3*a**2/2 - 5*a. Let l be n(-3). Let x = -16 - l. What is the units digit of x?
4
What is the units digit of (1 + 9)*(1 - -3)?
0
Suppose 0 = -p + 5*p + 28. Let n = p + 11. What is the units digit of n?
4
Let s(z) = -5*z**3 + 9*z**2 - 4*z - 13. Let y(g) = g**3 + 1. Let a(p) = s(p) + 6*y(p). What is the tens digit of a(-9)?
2
Suppose m - 6 = -2*m. What is the units digit of m?
2
Let h(b) = 4 + 2 - 7. Let f(o) = o**2 + 7*o + 1. Let x(q) = -f(q) - 4*h(q). What is the units digit of x(-6)?
9
Let v(y) be the second derivative of y**3/3 + y**2 + 4*y. Let d be v(2). Suppose -z - 35 = -d*z. What is the units digit of z?
7
Suppose -3*t = -f - 14 - 79, 2*f = 2*t - 58. What is the tens digit of t?
3
Let g = 1 - 1. What is the units digit of (4/(-3) + g)*-12?
6
Let w be (-142)/(-8) - 2/(-8). Suppose 0 = -3*r - 3*j + w, 4*r = 2*j + 3*j - 3. Suppose -14 = -r*l + l. What is the units digit of l?
7
Suppose 16 = 2*x - 140. What is the tens digit of x?
7
Let i = -16 - -41. What is the units digit of i?
5
Let s be 19/2 + 2/4. Let i(t) = -3*t**3 + 2*t**2 - 2. Let d be i(-2). Suppose 5*h = d + s. What is the units digit of h?
8
Suppose u + 5*a - 3 = 0, 15 = 4*u + u + 5*a. Let g = 11 + 24. Suppose -2*r = u*r - g. What is the units digit of r?
7
What is the units digit of -5*-3*(-102)/(-45)?
4
Suppose 539 = 5*y - 2*y - 4*b, 5*y = 2*b + 875. What is the hundreds digit of y?
1
Suppose 5*s - 30 = 10. Let b = s + -3. Suppose 0 = 5*w - 5, b*w - 8 = -x - 2*x. What is the units digit of x?
1
Let w = 7 - -139. What is the hundreds digit of w?
1
Let m = -13 - -20. What is the units digit of m?
7
Suppose 2 = 2*z - 6. Suppose -2*h + 288 = z*h. What is the units digit of h?
8
Let x be (6*-1)/((-18)/12). Suppose -40 = -x*y - g, 0 = 5*y - 3*y + 4*g - 34. What is the units digit of y?
9
Suppose 0 = -3*i + 3*t + 12, -5*t + 16 = 4*i - 2*t. Suppose 40 = i*m - 100. What is the units digit of m?
5
Let f(t) = 4*t**3 + 3*t**2 - 4*t + 1. Let q be f(-3). Let i = 109 + q. What is the units digit of i?
1
Suppose 8*b + g = 3*b, -5*b + 3*g = -20. Let u be b - 0 - (3 - 5). Suppose 3*z - 21 - 12 = -3*j, j = u*z - 5. What is the units digit of j?
7
Let k(v) = -3*v - 3. Let y be k(-4). Let s be y*((-4 - -2) + 4). Suppose -22 - s = -5*p. What is the units digit of p?
8
Suppose 5*k = 40 - 0. Suppose 5*w = 23 - k. What is the units digit of w?
3
Let b(v) = 2*v - 6. Suppose 5*d - 18 = 2. Let z be b(d). Suppose 3 = y - z. What is the units digit of y?
5
Suppose 3*l - 4*l = 2*q - 3, 3*q + 4*l = -3. Suppose z + w - q = 0, z - 6*w = -4*w. Suppose 4*c - z*c - 14 = 0. What is the units digit of c?
7
Let y(u) = -7*u**3 - 2*u - 2. Let d = -1 - 0. What is the units digit of y(d)?
7
Suppose 0 = -q - 9 - 2. 